 factors of 338949?
3, 13, 2897
What are the prime factors of 173571?
3, 47, 1231
What are the prime factors of 10020?
2, 3, 5, 167
What are the prime factors of 35203531?
11, 97, 32993
What are the prime factors of 2908251?
3, 107713
List the prime factors of 251815.
5, 50363
What are the prime factors of 6028427?
6028427
What are the prime factors of 267195?
3, 5, 47, 379
What are the prime factors of 427265?
5, 85453
What are the prime factors of 3831555?
3, 5, 7, 13, 401
List the prime factors of 15803528.
2, 13, 11689
List the prime factors of 40675.
5, 1627
List the prime factors of 7130787.
3, 2376929
What are the prime factors of 314016?
2, 3, 3271
What are the prime factors of 92210?
2, 5, 9221
What are the prime factors of 1685926?
2, 11, 197, 389
What are the prime factors of 2824369?
19, 43, 3457
List the prime factors of 21610.
2, 5, 2161
What are the prime factors of 721423?
587, 1229
List the prime factors of 1939423.
41, 47303
List the prime factors of 372906.
2, 3, 20717
List the prime factors of 3928308.
2, 3, 23, 43, 331
List the prime factors of 21910.
2, 5, 7, 313
What are the prime factors of 14127670?
2, 5, 1412767
List the prime factors of 7384763.
29, 254647
List the prime factors of 621912.
2, 3, 25913
What are the prime factors of 719447?
719447
What are the prime factors of 19697364?
2, 3, 271, 673
What are the prime factors of 147817?
53, 2789
List the prime factors of 9758606.
2, 11, 13, 149, 229
What are the prime factors of 156625?
5, 7, 179
What are the prime factors of 1840059?
3, 13, 15727
List the prime factors of 5734213.
317, 18089
What are the prime factors of 896054?
2, 448027
What are the prime factors of 31821580?
2, 5, 7, 19, 1709
What are the prime factors of 1007692?
2, 7, 17, 29, 73
What are the prime factors of 467054?
2, 7, 73, 457
What are the prime factors of 1345315?
5, 269063
List the prime factors of 72689.
72689
List the prime factors of 1514118.
2, 3, 409, 617
List the prime factors of 11854753.
2131, 5563
List the prime factors of 4432950.
2, 3, 5, 9851
What are the prime factors of 913340?
2, 5, 45667
What are the prime factors of 1371964?
2, 11, 31181
List the prime factors of 3174370.
2, 5, 317437
What are the prime factors of 11184790?
2, 5, 1118479
What are the prime factors of 72898?
2, 7, 41, 127
What are the prime factors of 149178?
2, 3, 23, 47
What are the prime factors of 769304?
2, 23, 37, 113
List the prime factors of 308097.
3, 11411
List the prime factors of 108926.
2, 107, 509
List the prime factors of 15917113.
163, 97651
What are the prime factors of 212650?
2, 5, 4253
What are the prime factors of 3736335?
3, 5, 249089
What are the prime factors of 16055029?
107, 227, 661
What are the prime factors of 34276337?
349, 98213
List the prime factors of 4229615.
5, 13, 65071
What are the prime factors of 3681499?
3681499
List the prime factors of 554503.
554503
What are the prime factors of 412819?
11, 37529
List the prime factors of 613484.
2, 153371
What are the prime factors of 1084041?
3, 7, 17207
List the prime factors of 213154.
2, 197, 541
What are the prime factors of 6278378?
2, 3139189
What are the prime factors of 8541863?
11, 29, 26777
What are the prime factors of 69479?
17, 61, 67
List the prime factors of 3979546.
2, 79, 89, 283
What are the prime factors of 483823?
211, 2293
List the prime factors of 1375289.
199, 6911
List the prime factors of 2791940.
2, 5, 139597
List the prime factors of 1807117.
13, 17, 37
What are the prime factors of 36129?
3, 12043
List the prime factors of 3342697.
67, 49891
List the prime factors of 2539694.
2, 1269847
What are the prime factors of 219926?
2, 7, 23, 683
List the prime factors of 92975.
5, 3719
List the prime factors of 3183980.
2, 5, 159199
List the prime factors of 839206.
2, 419603
List the prime factors of 278387.
278387
What are the prime factors of 4037816?
2, 504727
List the prime factors of 6787526.
2, 383, 8861
What are the prime factors of 48517?
7, 29, 239
List the prime factors of 922545.
3, 5, 13, 19, 83
What are the prime factors of 788866?
2, 13, 30341
What are the prime factors of 1551927?
3, 13, 3061
What are the prime factors of 213220?
2, 5, 7, 1523
List the prime factors of 1275209.
13, 233, 421
What are the prime factors of 24303?
3, 8101
What are the prime factors of 522071?
11, 31, 1531
What are the prime factors of 243517?
243517
List the prime factors of 1114752.
2, 3, 2903
List the prime factors of 109141.
109141
What are the prime factors of 535700?
2, 5, 11, 487
What are the prime factors of 619055?
5, 17, 7283
List the prime factors of 1218544.
2, 76159
What are the prime factors of 2480128?
2, 7, 173
What are the prime factors of 17315335?
5, 3463067
List the prime factors of 74837.
7, 10691
List the prime factors of 2294493.
3, 47, 16273
List the prime factors of 1628756.
2, 19, 29, 739
List the prime factors of 2711598.
2, 3, 451933
List the prime factors of 43559.
43, 1013
List the prime factors of 11542379.
11542379
What are the prime factors of 498738?
2, 3, 101, 823
List the prime factors of 3811881.
3, 1270627
List the prime factors of 490302.
2, 3, 27239
What are the prime factors of 631278?
2, 3, 17, 2063
What are the prime factors of 3134077?
109, 28753
List the prime factors of 2883577.
2883577
List the prime factors of 962983.
7, 47, 2927
List the prime factors of 4597214.
2, 2298607
What are the prime factors of 2406606?
2, 3, 401101
List the prime factors of 6954661.
7, 239, 4157
What are the prime factors of 25140209?
67, 375227
What are the prime factors of 22543970?
2, 5, 641, 3517
What are the prime factors of 280003?
19, 14737
List the prime factors of 2702351.
19, 41, 3469
List the prime factors of 8836976.
2, 19, 41, 709
List the prime factors of 23038975.
5, 37, 24907
List the prime factors of 23566297.
103, 228799
What are the prime factors of 3253629?
3, 1084543
List the prime factors of 133651.
7, 61, 313
What are the prime factors of 9653?
7, 197
List the prime factors of 17239868.
2, 457, 9431
List the prime factors of 204287.
281, 727
List the prime factors of 152828.
2, 13, 2939
What are the prime factors of 4772884?
2, 31, 61, 631
What are the prime factors of 747189?
3, 61, 1361
What are the prime factors of 939956?
2, 234989
What are the prime factors of 2930912?
2, 91591
What are the prime factors of 87751?
87751
What are the prime factors of 3867177?
3, 17, 191, 397
List the prime factors of 28794805.
5, 13, 442997
List the prime factors of 644888.
2, 80611
List the prime factors of 543833.
31, 53, 331
List the prime factors of 753785.
5, 41, 3677
List the prime factors of 778460.
2, 5, 38923
What are the prime factors of 30399836?
2, 23, 330433
What are the prime factors of 504421?
37, 13633
List the prime factors of 9229633.
7, 41, 32159
What are the prime factors of 72440?
2, 5, 1811
List the prime factors of 34470664.
2, 1663, 2591
What are the prime factors of 563946?
2, 3, 193, 487
List the prime factors of 1165060.
2, 5, 13, 4481
List the prime factors of 33922092.
2, 3, 1109, 2549
List the prime factors of 210861.
3, 7, 3347
What are the prime factors of 1457068?
2, 364267
List the prime factors of 7755170.
2, 5, 775517
List the prime factors of 476831.
476831
List the prime factors of 17529995.
5, 7, 71551
What are the prime factors of 473179?
7, 23, 2939
List the prime factors of 34801584.
2, 3, 17, 42649
List the prime factors of 523312.
2, 32707
What are the prime factors of 417919?
29, 14411
What are the prime factors of 18663?
3, 6221
What are the prime factors of 422861?
422861
List the prime factors of 4664256.
2, 3, 17, 1429
List the prime factors of 4161450.
2, 3, 5, 27743
List the prime factors of 4451053.
4451053
List the prime factors of 116625.
3, 5, 311
What are the prime factors of 14330495?
5, 23, 29, 4297
What are the prime factors of 33587058?
2, 3, 5597843
List the prime factors of 6009865.
5, 449, 2677
List the prime factors of 7865790.
2, 3, 5, 262193
What are the prime factors of 1842694?
2, 7, 18803
List the prime factors of 3383308.
2, 53, 15959
What are the prime factors of 12419125?
5, 73, 1361
What are the prime factors of 9723936?
2, 3, 199, 509
List the prime factors of 6340790.
2, 5, 634079
List the prime factor